e the prime factors of 41*(5 - 24/z)?
41
Let h = -6616 - -24304. List the prime factors of h.
2, 3, 11, 67
Let p(l) = -l**3 - 10*l**2 - 6*l + 11. Let a = 5 + -17. List the prime factors of p(a).
7, 53
Let t = -131 + 129. List the prime factors of t + (754/(-1))/(-2).
3, 5
Let p(t) = -t**3 + 8*t**2 - 7*t + 2. Let q be p(7). Suppose 7*r - q = 33. Suppose 0*o = -r*o + 340. What are the prime factors of o?
2, 17
Let d be (-10)/(-4)*(-392)/(-140). What are the prime factors of 36/(-6) + d - -243?
2, 61
Let r be -2 + 1 - -2 - 5540/20. List the prime factors of 5*(r/(-10))/3.
2, 23
Let v = -87 - -87. Suppose g = k - v*g - 24, 0 = -5*g - 20. List the prime factors of 8*1*1/(k/285).
2, 3, 19
Let d(l) = 3*l**2 + 3*l + 5. Let w be (-42)/(-11) - (-4)/22. Let b be (-19 - -23)/(w/5). List the prime factors of d(b).
5, 19
Let c(g) = -g**2 - 30*g + 159. Let u be c(-30). Let f = 49 + u. List the prime factors of f.
2, 13
List the prime factors of ((-1)/11)/(320/(-15097280)).
4289
Suppose 4*d - 2 = -2*r, 16 = 2*d - r + 9. List the prime factors of d*-115*(-20)/10.
2, 5, 23
List the prime factors of 440/930*91068 + 2/62*2.
2, 3, 43, 167
Suppose 186*w - 5*d - 13063 = 183*w, 5*d - 17359 = -4*w. What are the prime factors of w?
2, 41, 53
Let x(o) = -548*o - 143. List the prime factors of x(-3).
19, 79
Suppose -2*o + 1144 = 5392. Let z = 3852 + o. List the prime factors of z.
2, 3
What are the prime factors of (-168)/(-42) + 1 + -2 + 13674?
3, 47, 97
Let p be 2*415*(1 - 0). Suppose g = 2*k - 25, -4*k - 1261 + 1281 = 4*g. Suppose 0*o - p = -k*o. List the prime factors of o.
83
What are the prime factors of 334416/28 - (-56)/98?
2, 1493
Let u(y) = y**2 - 39*y - 40. Let f be u(40). Suppose f = -h - 4, -3*i + h + h = -932. What are the prime factors of i?
2, 7, 11
Let q = 8349 - -7067. What are the prime factors of q?
2, 41, 47
Let d be -33 + 8 + (-3)/((-3)/4). Let g be (35/d)/(1/15). Let v = 161 - g. What are the prime factors of v?
2, 3, 31
Let j = 35835 - 28853. List the prime factors of j.
2, 3491
Let a(l) = -l + 12. Suppose -5*y + 3*h - 18 = -62, 5*y = -3*h + 26. Let r be a(y). What are the prime factors of (r + -2)*(-2 + (-97)/(-3))?
7, 13
Suppose 27*o - 29*o + 5*s + 29579 = 0, -3*o = -5*s - 44381. List the prime factors of o.
2, 3, 2467
Suppose -3*w = -6, -86642 = -4*k - 2*w + w. List the prime factors of k.
2, 3, 5, 19
Suppose 699 = -2*u + u. Let n = -318 - u. List the prime factors of n.
3, 127
Let u be (7/1)/(-14)*14992. List the prime factors of (u/(-6))/((-96)/(-72)).
937
Let t = 267 - 263. Suppose -4*k - h = -7681, -k - 5*h + 9620 = t*k. List the prime factors of k.
19, 101
Let r be -3*95/30*2*21. Let t = 22 - r. List the prime factors of t.
421
Suppose -5*b + 11837 = 568*d - 566*d, -3*b = 5*d - 7106. List the prime factors of b.
3, 263
Let p(d) = 11*d**2 + 9*d. Let k be p(-3). Let z = 180 - k. Let t = -71 + z. List the prime factors of t.
37
Suppose 7*l = l - 114. Let b(k) = -k**2 - 19*k + 6. Let d be b(l). Suppose 165 = -3*p + d*p. List the prime factors of p.
5, 11
Let n = -21 + 26. Suppose -5*w - a + 180 = 0, 3*w + 2*a = 4*w - 47. Suppose 443 + w = n*m. What are the prime factors of m?
2, 3
Suppose -13*t + 30594 = -201222. What are the prime factors of t?
2, 3, 743
Suppose -z = -3*y + 1, -3*y - z = -0*y + 1. Let x be 43 - (y + 2 - (5 - 6)). Suppose 104 = 2*j + x. List the prime factors of j.
2
Let w be 2 + 5 - (-7 + 7). Suppose w*l = 3*l - 520. What are the prime factors of 2/3 + 77/(-21) - l?
127
Suppose 16*v - 11*v = 1890. Let f = 468 - v. List the prime factors of f.
2, 3, 5
Let l = 13279 + -5206. List the prime factors of l.
3, 13, 23
Suppose 40*v + 0*v = 377143 + 158617. What are the prime factors of v?
2, 37, 181
Suppose -2*n + 271696 = 5*q, 56*n - 52*n = q - 54304. What are the prime factors of q?
2, 3, 283
Let j(b) = b**2 - 26*b + 2812. List the prime factors of j(77).
23, 293
Let u be (3 - -1)*(-95)/5. Let v = u + 76. Suppose -4*j + 5*k + 908 = v, 4*j + 6*k - 7*k = 908. What are the prime factors of j?
227
Let t be 1/(35/(-49))*(1 + -11). Suppose 29*d - 50826 = -t*d. What are the prime factors of d?
2, 3, 197
Let v(o) = -o**2 - 87*o + 188. What are the prime factors of v(-57)?
2, 13, 73
Suppose -1732 + 34947 = 3*l - 4*m, -m + 33205 = 3*l. List the prime factors of l.
11069
Let j(a) = 1032*a - 359. What are the prime factors of j(6)?
19, 307
Suppose -5*k = 5*d - 365, 93 = d + 3*k + 28. Let v = 254 - d. List the prime factors of v.
3, 59
Suppose -44 = 5*g - g. Let d(v) = -138*v**3 + 139*v**3 + v**2 + 0*v**2 + 10*v**2 - 6 - 6*v. What are the prime factors of d(g)?
2, 3, 5
Suppose 959*h = 992*h - 173943. What are the prime factors of h?
3, 7, 251
Let r be (-1288)/42*(-9)/6. List the prime factors of -39*r/18*-3*1.
13, 23
Let u(d) = d**3 + 12*d**2 - 12*d + 10. Let c be u(-13). Let p be 1*-1 - (60/c)/4. What are the prime factors of 153 - p/4 - 2?
2, 3, 5
Let d be -5 - (-19 + -1 + (-3 - -3)). Suppose -35100 = -21*o - d*o. List the prime factors of o.
3, 5, 13
Let x = -6641 - -9563. Let a = x - 1494. What are the prime factors of a?
2, 3, 7, 17
Let z(f) = -f**2 - 7 + 0 + 3 + 12*f**3 - 7*f**3 + 2*f. Let w be z(4). Suppose -8*n - w = -12*n. What are the prime factors of n?
7, 11
Let i = -666 + 674. Suppose i*c - 3320 = 3264. List the prime factors of c.
823
Let n(l) = -59*l - 55. Let h(g) = -g - 2. Let s(w) = 6*h(w) - n(w). Let m be s(9). Suppose 4*q = -4*q + m. List the prime factors of q.
5, 13
Let b(d) = -28 + 13 + 10 - 49*d. List the prime factors of b(-3).
2, 71
Let d(h) = 18*h - 14. Let f = -377 - -409. List the prime factors of d(f).
2, 281
Let s(f) = 498*f + 5. Let j be s(1). Let d = 411 + j. What are the prime factors of d?
2, 457
Suppose 23*b - 15*b = 288. List the prime factors of 7155/33 + (b/(-99))/(-2).
7, 31
Let w = -1483 - -8264. What are the prime factors of w?
6781
Let y(h) = -h**3 + h**2 - 10596. Let o be y(0). What are the prime factors of (o/18)/2*12/(-2)?
2, 883
Suppose 3361*t - 3324*t = 402375. What are the prime factors of t?
3, 5, 29
Let f(w) = -5*w + 3. Let z be f(-5). Suppose -z*n = -34*n + 156. What are the prime factors of n?
2, 13
Let h(w) = w**2 + 44*w - 268. List the prime factors of h(21).
1097
Suppose -23*j + 21636 = -14*j. What are the prime factors of j/30 + 158/(-1185)?
2, 5
Suppose 0 = 1385*z - 1368*z - 233682. What are the prime factors of z?
2, 3, 29, 79
Let n(o) = 79*o**3 + o**2 - 3*o + 2. Let t be n(1). Suppose 2*p = p + t. Suppose p = 3*v - 191. What are the prime factors of v?
2, 3, 5
Suppose b = 0, b - 5*b + 750 = -3*s. List the prime factors of ((-3)/(2/(s/3)))/1.
5
Let b(q) = -2*q**2 - 64*q + 72. Let h be b(-33). List the prime factors of 8/h*-1*3 - -241.
3, 79
Suppose 0 = -m + t + 7, 3 = m - 3*t - 10. Suppose 335 = m*w - k, w - 5*k + 6*k - 85 = 0. List the prime factors of w.
2, 3, 7
Suppose -4*k = -6*k - 2*z + 4, -3*k = 4*z - 10. What are the prime factors of (-3)/(1358/(-676) - k)?
2, 13
Let v = -1980 + 35884. List the prime factors of v.
2, 13, 163
Suppose -7*v - 16 = -15*v. Suppose 0 = -4*h + v*a + 1500 + 382, 4*h + a - 1879 = 0. List the prime factors of h.
2, 5, 47
Let u be -9*(-88)/(-2 + -2). Let s = u - -371. Let i = s - 98. List the prime factors of i.
3, 5
Let h be (-7024)/32*(-4 - -2). Suppose 8*v + h = 4439. What are the prime factors of v?
2, 5
What are the prime factors of (-1001288)/(-11) - (612/(-187))/(-18)?
2, 3, 13, 389
Let u = -1921 - -3749. What are the prime factors of u?
2, 457
Let z be ((-54)/(-8))/((4/(-2))/(-40)). Suppose -7*t + 2*t - 3*n = -119, -5*n = -5*t + z. List the prime factors of t.
5
Let n(p) = -p**3 - 4*p**2 + 12*p - 27. Let w be n(-7). Suppose -13*d - 989 = -w*d. List the prime factors of d.
43
Suppose -y + 3 + 0 = 0. Suppose -81 = 218*b - 219*b. Suppose y*j - b - 69 = 0. List the prime factors of j.
2, 5
Suppose 2*b - 1200 = 842. Suppose -b = -3*k + 323. What are the prime factors of k?
2, 7
Let k = -74 - -85. Let b(j) = -j**3 + 12*j**2 + 17*j - 61. List the prime factors of b(k).
13, 19
Let h(n) = -3*n - 25. Let y be h(-10). Let s(i) = i**3 - 4*i**2 + 5*i - 6. Let o be s(y). Let k = o - 8. What are the prime factors of k?
2, 3
Suppose 6*b = 3*b. Suppose -4*l - 2*q = 2*q + 32, b = -3*l + 4*q - 10. List the prime factors of (l + 7)/(1/89).
89
Let p(w) = 6*w**2 - 4